{"id":11743,"date":"2019-06-04T13:21:01","date_gmt":"2019-06-04T10:21:01","guid":{"rendered":"https:\/\/www.lekogroup.fi\/www\/?page_id=11743"},"modified":"2024-03-14T13:31:14","modified_gmt":"2024-03-14T11:31:14","slug":"komponentenfertigung-und-maschinenkoerper","status":"publish","type":"page","link":"https:\/\/www.lekogroup.fi\/www\/de\/komponentenfertigung-und-maschinenkoerper\/","title":{"rendered":"Komponentenfertigung und Maschinenk\u00f6rper"},"content":{"rendered":"<h1><img decoding=\"async\" class=\"alignnone size-full wp-image-11507 lazyload\" data-src=\"https:\/\/www.lekogroup.fi\/www\/wp-content\/uploads\/2019\/05\/Leko-Group-Sub-assemblies-and-partial-manufacture-Metal-industry.jpg\" alt=\"Leko-Group-Sub-assemblies and partial manufacture - Metal industry\" width=\"1000\" height=\"468\" data-srcset=\"https:\/\/www.lekogroup.fi\/www\/wp-content\/uploads\/2019\/05\/Leko-Group-Sub-assemblies-and-partial-manufacture-Metal-industry.jpg 1000w, https:\/\/www.lekogroup.fi\/www\/wp-content\/uploads\/2019\/05\/Leko-Group-Sub-assemblies-and-partial-manufacture-Metal-industry-300x140.jpg 300w, https:\/\/www.lekogroup.fi\/www\/wp-content\/uploads\/2019\/05\/Leko-Group-Sub-assemblies-and-partial-manufacture-Metal-industry-768x359.jpg 768w\" data-sizes=\"(max-width: 1000px) 100vw, 1000px\" src=\"data:image\/svg+xml;base64,PHN2ZyB3aWR0aD0iMSIgaGVpZ2h0PSIxIiB4bWxucz0iaHR0cDovL3d3dy53My5vcmcvMjAwMC9zdmciPjwvc3ZnPg==\" style=\"--smush-placeholder-width: 1000px; --smush-placeholder-aspect-ratio: 1000\/468;\" \/>Vormontage und Teilefertigung<\/h1>\n<p>Herstellung von Teilen und Unterbaugruppen aus Kundenmaterialien oder Materialien aus unserer Maschinenwerkstatt. Der Arbeitsumfang und Fertigstellungsgrad werden jeweils mit dem Kunden vereinbart und im besten Fall werden praktisch schl\u00fcsselfertige Produkte geliefert. Wir fertigen Einzelst\u00fccke und Kleinserien sowie gr\u00f6\u00dfere Serien. Wir f\u00fchren auch stufenweise Auftragsarbeiten f\u00fcr die maschinelle Bearbeitung von Rohlingen des Kunden durch.<\/p>\n<p>Die LEKO Group investiert Ressourcen mit einem klaren Fokus auf die Kapazit\u00e4t f\u00fcr maschinelle Bearbeitung und umfassendes Know-how. Wir k\u00f6nnen unseren Kunden das beste Maschinenbau-Fachwissen und erstklassige Ausf\u00fchrungsqualit\u00e4t garantieren.<\/p>\n<h3>Herstellung von Maschinenrahmen<\/h3>\n<p>Die Fertigung von Maschinenrahmen umfasst Lohnherstellung, Schwei\u00dfen, W\u00e4rmebehandlung, maschinelle Bearbeitung und Oberfl\u00e4chenbehandlung.<\/p>\n<p>Alle Arbeitsschritte werden in modernen Werkst\u00e4tten unter Verwendung der neuesten Werkzeuge durchgef\u00fchrt. Jeder Bereich verf\u00fcgt \u00fcber seine eigenen hochkar\u00e4tigen Fachkr\u00e4fte, aber unsere Abteilung f\u00fcr Schwei\u00dfen und Endfertigung sticht besonders heraus. Wir k\u00f6nnen die Qualit\u00e4t garantieren, da unser Qualit\u00e4tsmanagementsystem gem\u00e4\u00df nach SFS-EN ISO 9001:2000 und SFS-EN ISO 3834-2 zertifiziert ist.<\/p>\n<p>&nbsp;<\/p>\n","protected":false},"excerpt":{"rendered":"<p>Vormontage und Teilefertigung Herstellung von Teilen und Unterbaugruppen aus Kundenmaterialien oder Materialien aus unserer Maschinenwerkstatt. Der Arbeitsumfang und Fertigstellungsgrad werden jeweils mit dem Kunden vereinbart und im besten Fall werden praktisch schl\u00fcsselfertige Produkte geliefert. Wir fertigen Einzelst\u00fccke und Kleinserien sowie gr\u00f6\u00dfere Serien. Wir f\u00fchren auch stufenweise Auftragsarbeiten f\u00fcr die maschinelle Bearbeitung von Rohlingen des Kunden &hellip; <\/p>\n<p class=\"link-more\"><a href=\"https:\/\/www.lekogroup.fi\/www\/de\/komponentenfertigung-und-maschinenkoerper\/\" class=\"more-link\">Read More <span class=\"screen-reader-text\"> &#8221;Komponentenfertigung und Maschinenk\u00f6rper&#8221;<\/span><\/a><\/p>\n","protected":false},"author":1,"featured_media":0,"parent":0,"menu_order":0,"comment_status":"closed","ping_status":"closed","template":"","meta":{"_monsterinsights_skip_tracking":false,"_monsterinsights_sitenote_active":false,"_monsterinsights_sitenote_note":"","_monsterinsights_sitenote_category":0,"ngg_post_thumbnail":0,"footnotes":""},"class_list":["post-11743","page","type-page","status-publish","hentry"],"yoast_head":"<!-- This site is optimized with the Yoast SEO plugin v27.0 - https:\/\/yoast.com\/product\/yoast-seo-wordpress\/ -->\n<title>Komponentenfertigung und Maschinenk\u00f6rper - Raskaan teollisuuden monipuolinen kumppani - LekoGroup<\/title>\n<meta name=\"robots\" content=\"index, follow, max-snippet:-1, max-image-preview:large, max-video-preview:-1\" \/>\n<link rel=\"canonical\" href=\"https:\/\/www.lekogroup.fi\/www\/de\/komponentenfertigung-und-maschinenkoerper\/\" \/>\n<meta property=\"og:locale\" content=\"fi_FI\" \/>\n<meta property=\"og:type\" content=\"article\" \/>\n<meta property=\"og:title\" content=\"Komponentenfertigung und Maschinenk\u00f6rper - Raskaan teollisuuden monipuolinen kumppani - LekoGroup\" \/>\n<meta property=\"og:description\" content=\"Vormontage und Teilefertigung Herstellung von Teilen und Unterbaugruppen aus Kundenmaterialien oder Materialien aus unserer Maschinenwerkstatt. Der Arbeitsumfang und Fertigstellungsgrad werden jeweils mit dem Kunden vereinbart und im besten Fall werden praktisch schl\u00fcsselfertige Produkte geliefert. Wir fertigen Einzelst\u00fccke und Kleinserien sowie gr\u00f6\u00dfere Serien. Wir f\u00fchren auch stufenweise Auftragsarbeiten f\u00fcr die maschinelle Bearbeitung von Rohlingen des Kunden &hellip; Read More &quot;Komponentenfertigung und Maschinenk\u00f6rper&quot;\" \/>\n<meta property=\"og:url\" content=\"https:\/\/www.lekogroup.fi\/www\/de\/komponentenfertigung-und-maschinenkoerper\/\" \/>\n<meta property=\"og:site_name\" content=\"Raskaan teollisuuden monipuolinen kumppani - LekoGroup\" \/>\n<meta property=\"article:modified_time\" content=\"2024-03-14T11:31:14+00:00\" \/>\n<meta property=\"og:image\" content=\"https:\/\/www.lekogroup.fi\/www\/wp-content\/uploads\/2019\/05\/Leko-Group-Sub-assemblies-and-partial-manufacture-Metal-industry.jpg\" \/>\n<meta name=\"twitter:card\" content=\"summary_large_image\" \/>\n<meta name=\"twitter:label1\" content=\"Arvioitu lukuaika\" \/>\n\t<meta name=\"twitter:data1\" content=\"2 minuuttia\" \/>\n<script type=\"application\/ld+json\" class=\"yoast-schema-graph\">{\"@context\":\"https:\/\/schema.org\",\"@graph\":[{\"@type\":\"WebPage\",\"@id\":\"https:\/\/www.lekogroup.fi\/www\/de\/komponentenfertigung-und-maschinenkoerper\/\",\"url\":\"https:\/\/www.lekogroup.fi\/www\/de\/komponentenfertigung-und-maschinenkoerper\/\",\"name\":\"Komponentenfertigung und Maschinenk\u00f6rper - Raskaan teollisuuden monipuolinen kumppani - LekoGroup\",\"isPartOf\":{\"@id\":\"https:\/\/www.lekogroup.fi\/www\/#website\"},\"primaryImageOfPage\":{\"@id\":\"https:\/\/www.lekogroup.fi\/www\/de\/komponentenfertigung-und-maschinenkoerper\/#primaryimage\"},\"image\":{\"@id\":\"https:\/\/www.lekogroup.fi\/www\/de\/komponentenfertigung-und-maschinenkoerper\/#primaryimage\"},\"thumbnailUrl\":\"https:\/\/www.lekogroup.fi\/www\/wp-content\/uploads\/2019\/05\/Leko-Group-Sub-assemblies-and-partial-manufacture-Metal-industry.jpg\",\"datePublished\":\"2019-06-04T10:21:01+00:00\",\"dateModified\":\"2024-03-14T11:31:14+00:00\",\"breadcrumb\":{\"@id\":\"https:\/\/www.lekogroup.fi\/www\/de\/komponentenfertigung-und-maschinenkoerper\/#breadcrumb\"},\"inLanguage\":\"fi\",\"potentialAction\":[{\"@type\":\"ReadAction\",\"target\":[\"https:\/\/www.lekogroup.fi\/www\/de\/komponentenfertigung-und-maschinenkoerper\/\"]}]},{\"@type\":\"ImageObject\",\"inLanguage\":\"fi\",\"@id\":\"https:\/\/www.lekogroup.fi\/www\/de\/komponentenfertigung-und-maschinenkoerper\/#primaryimage\",\"url\":\"https:\/\/www.lekogroup.fi\/www\/wp-content\/uploads\/2019\/05\/Leko-Group-Sub-assemblies-and-partial-manufacture-Metal-industry.jpg\",\"contentUrl\":\"https:\/\/www.lekogroup.fi\/www\/wp-content\/uploads\/2019\/05\/Leko-Group-Sub-assemblies-and-partial-manufacture-Metal-industry.jpg\",\"width\":1000,\"height\":468,\"caption\":\"Leko-Group-Sub-assemblies and partial manufacture - Metal industry\"},{\"@type\":\"BreadcrumbList\",\"@id\":\"https:\/\/www.lekogroup.fi\/www\/de\/komponentenfertigung-und-maschinenkoerper\/#breadcrumb\",\"itemListElement\":[{\"@type\":\"ListItem\",\"position\":1,\"name\":\"Home\",\"item\":\"https:\/\/www.lekogroup.fi\/www\/fi\/etusivu\/\"},{\"@type\":\"ListItem\",\"position\":2,\"name\":\"Komponentenfertigung und Maschinenk\u00f6rper\"}]},{\"@type\":\"WebSite\",\"@id\":\"https:\/\/www.lekogroup.fi\/www\/#website\",\"url\":\"https:\/\/www.lekogroup.fi\/www\/\",\"name\":\"Raskaan teollisuuden monipuolinen kumppani - LekoGroup\",\"description\":\"\",\"publisher\":{\"@id\":\"https:\/\/www.lekogroup.fi\/www\/#organization\"},\"potentialAction\":[{\"@type\":\"SearchAction\",\"target\":{\"@type\":\"EntryPoint\",\"urlTemplate\":\"https:\/\/www.lekogroup.fi\/www\/?s={search_term_string}\"},\"query-input\":{\"@type\":\"PropertyValueSpecification\",\"valueRequired\":true,\"valueName\":\"search_term_string\"}}],\"inLanguage\":\"fi\"},{\"@type\":\"Organization\",\"@id\":\"https:\/\/www.lekogroup.fi\/www\/#organization\",\"name\":\"Raskaan teollisuuden monipuolinen kumppani - LekoGroup\",\"url\":\"https:\/\/www.lekogroup.fi\/www\/\",\"logo\":{\"@type\":\"ImageObject\",\"inLanguage\":\"fi\",\"@id\":\"https:\/\/www.lekogroup.fi\/www\/#\/schema\/logo\/image\/\",\"url\":\"https:\/\/www.lekogroup.fi\/www\/wp-content\/uploads\/2022\/12\/cropped-leko_group_logo.png\",\"contentUrl\":\"https:\/\/www.lekogroup.fi\/www\/wp-content\/uploads\/2022\/12\/cropped-leko_group_logo.png\",\"width\":833,\"height\":250,\"caption\":\"Raskaan teollisuuden monipuolinen kumppani - LekoGroup\"},\"image\":{\"@id\":\"https:\/\/www.lekogroup.fi\/www\/#\/schema\/logo\/image\/\"}}]}<\/script>\n<!-- \/ Yoast SEO plugin. -->","yoast_head_json":{"title":"Komponentenfertigung und Maschinenk\u00f6rper - Raskaan teollisuuden monipuolinen kumppani - LekoGroup","robots":{"index":"index","follow":"follow","max-snippet":"max-snippet:-1","max-image-preview":"max-image-preview:large","max-video-preview":"max-video-preview:-1"},"canonical":"https:\/\/www.lekogroup.fi\/www\/de\/komponentenfertigung-und-maschinenkoerper\/","og_locale":"fi_FI","og_type":"article","og_title":"Komponentenfertigung und Maschinenk\u00f6rper - Raskaan teollisuuden monipuolinen kumppani - LekoGroup","og_description":"Vormontage und Teilefertigung Herstellung von Teilen und Unterbaugruppen aus Kundenmaterialien oder Materialien aus unserer Maschinenwerkstatt. Der Arbeitsumfang und Fertigstellungsgrad werden jeweils mit dem Kunden vereinbart und im besten Fall werden praktisch schl\u00fcsselfertige Produkte geliefert. Wir fertigen Einzelst\u00fccke und Kleinserien sowie gr\u00f6\u00dfere Serien. Wir f\u00fchren auch stufenweise Auftragsarbeiten f\u00fcr die maschinelle Bearbeitung von Rohlingen des Kunden &hellip; Read More \"Komponentenfertigung und Maschinenk\u00f6rper\"","og_url":"https:\/\/www.lekogroup.fi\/www\/de\/komponentenfertigung-und-maschinenkoerper\/","og_site_name":"Raskaan teollisuuden monipuolinen kumppani - LekoGroup","article_modified_time":"2024-03-14T11:31:14+00:00","og_image":[{"url":"https:\/\/www.lekogroup.fi\/www\/wp-content\/uploads\/2019\/05\/Leko-Group-Sub-assemblies-and-partial-manufacture-Metal-industry.jpg","type":"","width":"","height":""}],"twitter_card":"summary_large_image","twitter_misc":{"Arvioitu lukuaika":"2 minuuttia"},"schema":{"@context":"https:\/\/schema.org","@graph":[{"@type":"WebPage","@id":"https:\/\/www.lekogroup.fi\/www\/de\/komponentenfertigung-und-maschinenkoerper\/","url":"https:\/\/www.lekogroup.fi\/www\/de\/komponentenfertigung-und-maschinenkoerper\/","name":"Komponentenfertigung und Maschinenk\u00f6rper - Raskaan teollisuuden monipuolinen kumppani - LekoGroup","isPartOf":{"@id":"https:\/\/www.lekogroup.fi\/www\/#website"},"primaryImageOfPage":{"@id":"https:\/\/www.lekogroup.fi\/www\/de\/komponentenfertigung-und-maschinenkoerper\/#primaryimage"},"image":{"@id":"https:\/\/www.lekogroup.fi\/www\/de\/komponentenfertigung-und-maschinenkoerper\/#primaryimage"},"thumbnailUrl":"https:\/\/www.lekogroup.fi\/www\/wp-content\/uploads\/2019\/05\/Leko-Group-Sub-assemblies-and-partial-manufacture-Metal-industry.jpg","datePublished":"2019-06-04T10:21:01+00:00","dateModified":"2024-03-14T11:31:14+00:00","breadcrumb":{"@id":"https:\/\/www.lekogroup.fi\/www\/de\/komponentenfertigung-und-maschinenkoerper\/#breadcrumb"},"inLanguage":"fi","potentialAction":[{"@type":"ReadAction","target":["https:\/\/www.lekogroup.fi\/www\/de\/komponentenfertigung-und-maschinenkoerper\/"]}]},{"@type":"ImageObject","inLanguage":"fi","@id":"https:\/\/www.lekogroup.fi\/www\/de\/komponentenfertigung-und-maschinenkoerper\/#primaryimage","url":"https:\/\/www.lekogroup.fi\/www\/wp-content\/uploads\/2019\/05\/Leko-Group-Sub-assemblies-and-partial-manufacture-Metal-industry.jpg","contentUrl":"https:\/\/www.lekogroup.fi\/www\/wp-content\/uploads\/2019\/05\/Leko-Group-Sub-assemblies-and-partial-manufacture-Metal-industry.jpg","width":1000,"height":468,"caption":"Leko-Group-Sub-assemblies and partial manufacture - Metal industry"},{"@type":"BreadcrumbList","@id":"https:\/\/www.lekogroup.fi\/www\/de\/komponentenfertigung-und-maschinenkoerper\/#breadcrumb","itemListElement":[{"@type":"ListItem","position":1,"name":"Home","item":"https:\/\/www.lekogroup.fi\/www\/fi\/etusivu\/"},{"@type":"ListItem","position":2,"name":"Komponentenfertigung und Maschinenk\u00f6rper"}]},{"@type":"WebSite","@id":"https:\/\/www.lekogroup.fi\/www\/#website","url":"https:\/\/www.lekogroup.fi\/www\/","name":"Raskaan teollisuuden monipuolinen kumppani - LekoGroup","description":"","publisher":{"@id":"https:\/\/www.lekogroup.fi\/www\/#organization"},"potentialAction":[{"@type":"SearchAction","target":{"@type":"EntryPoint","urlTemplate":"https:\/\/www.lekogroup.fi\/www\/?s={search_term_string}"},"query-input":{"@type":"PropertyValueSpecification","valueRequired":true,"valueName":"search_term_string"}}],"inLanguage":"fi"},{"@type":"Organization","@id":"https:\/\/www.lekogroup.fi\/www\/#organization","name":"Raskaan teollisuuden monipuolinen kumppani - LekoGroup","url":"https:\/\/www.lekogroup.fi\/www\/","logo":{"@type":"ImageObject","inLanguage":"fi","@id":"https:\/\/www.lekogroup.fi\/www\/#\/schema\/logo\/image\/","url":"https:\/\/www.lekogroup.fi\/www\/wp-content\/uploads\/2022\/12\/cropped-leko_group_logo.png","contentUrl":"https:\/\/www.lekogroup.fi\/www\/wp-content\/uploads\/2022\/12\/cropped-leko_group_logo.png","width":833,"height":250,"caption":"Raskaan teollisuuden monipuolinen kumppani - LekoGroup"},"image":{"@id":"https:\/\/www.lekogroup.fi\/www\/#\/schema\/logo\/image\/"}}]}},"_links":{"self":[{"href":"https:\/\/www.lekogroup.fi\/www\/wp-json\/wp\/v2\/pages\/11743","targetHints":{"allow":["GET"]}}],"collection":[{"href":"https:\/\/www.lekogroup.fi\/www\/wp-json\/wp\/v2\/pages"}],"about":[{"href":"https:\/\/www.lekogroup.fi\/www\/wp-json\/wp\/v2\/types\/page"}],"author":[{"embeddable":true,"href":"https:\/\/www.lekogroup.fi\/www\/wp-json\/wp\/v2\/users\/1"}],"replies":[{"embeddable":true,"href":"https:\/\/www.lekogroup.fi\/www\/wp-json\/wp\/v2\/comments?post=11743"}],"version-history":[{"count":1,"href":"https:\/\/www.lekogroup.fi\/www\/wp-json\/wp\/v2\/pages\/11743\/revisions"}],"predecessor-version":[{"id":16556,"href":"https:\/\/www.lekogroup.fi\/www\/wp-json\/wp\/v2\/pages\/11743\/revisions\/16556"}],"wp:attachment":[{"href":"https:\/\/www.lekogroup.fi\/www\/wp-json\/wp\/v2\/media?parent=11743"}],"curies":[{"name":"wp","href":"https:\/\/api.w.org\/{rel}","templated":true}]}}