{"id":11752,"date":"2019-06-04T13:32:20","date_gmt":"2019-06-04T10:32:20","guid":{"rendered":"https:\/\/www.lekogroup.fi\/www\/?page_id=11752"},"modified":"2024-03-14T13:31:51","modified_gmt":"2024-03-14T11:31:51","slug":"wartung-und-modernisierung","status":"publish","type":"page","link":"https:\/\/www.lekogroup.fi\/www\/de\/wartung-und-modernisierung\/","title":{"rendered":"Wartung und Modernisierung"},"content":{"rendered":"<h1><img decoding=\"async\" class=\"alignnone size-full wp-image-10875 lazyload\" data-src=\"https:\/\/www.lekogroup.fi\/www\/wp-content\/uploads\/2019\/04\/LEKO_GROUP_HUOLTO_MODERNISOINTI.jpg\" alt=\"\" width=\"1000\" height=\"468\" data-srcset=\"https:\/\/www.lekogroup.fi\/www\/wp-content\/uploads\/2019\/04\/LEKO_GROUP_HUOLTO_MODERNISOINTI.jpg 1000w, https:\/\/www.lekogroup.fi\/www\/wp-content\/uploads\/2019\/04\/LEKO_GROUP_HUOLTO_MODERNISOINTI-300x140.jpg 300w, https:\/\/www.lekogroup.fi\/www\/wp-content\/uploads\/2019\/04\/LEKO_GROUP_HUOLTO_MODERNISOINTI-768x359.jpg 768w\" data-sizes=\"(max-width: 1000px) 100vw, 1000px\" src=\"data:image\/svg+xml;base64,PHN2ZyB3aWR0aD0iMSIgaGVpZ2h0PSIxIiB4bWxucz0iaHR0cDovL3d3dy53My5vcmcvMjAwMC9zdmciPjwvc3ZnPg==\" style=\"--smush-placeholder-width: 1000px; --smush-placeholder-aspect-ratio: 1000\/468;\" \/>Wartung und Modernisierung<\/h1>\n<p>Wir bieten auch Wartungs- und Modernisierungsdienste f\u00fcr die von uns gefertigten Produkte und Maschinenteile. Zum Beispiel kann die Lebensdauer und Verl\u00e4sslichkeit von F\u00f6rderschnecken durch regelm\u00e4\u00dfige Wartung wie das Anziehen der Wellendichtungen und Reinigung jeglicher verstopfter Teile gesteigert werden. Die Schnecke selbst ist f\u00fcr eine sehr lange Lebensdauer konzipiert und gefertigt, aber die Stellantriebe, Lager und vor allem die Wellendichtungen ben\u00f6tigen regelm\u00e4\u00dfige Wartung.<\/p>\n<p>Wir bieten f\u00fcr Industrieventilatoren Zustands\u00fcberwachung, Wartungspl\u00e4ne und regelm\u00e4\u00dfige Inspektionen.<\/p>\n<p>Die Lebensdauer von maschinell bearbeiteten Teilen kann durch verschiedene Methoden, wie Oberfl\u00e4chenbehandlung und Modernisierung der Mechanik verl\u00e4ngert werden.<\/p>\n<p>In vielen F\u00e4llen k\u00f6nnen auch bestehende Prozesse und Altsysteme bei Neubauten wiederverwendet werden. Zum Beispiel k\u00f6nnen Gipstransportb\u00e4nder mithilfe von alten F\u00f6rderbl\u00f6cken wiederverwendet werden. Wir haben bei vielen Modernisierungsprojekten mit Wartungsunternehmen zusammengearbeitet, aber die Rennovierungs- und Modernisierungsarbeiten kann auch unabh\u00e4ngig implementiert werden. Alle unsere Modernisierungsprojekte sind kundenspezifisch und variieren im Umfang.<\/p>\n<p>&nbsp;<\/p>\n","protected":false},"excerpt":{"rendered":"<p>Wartung und Modernisierung Wir bieten auch Wartungs- und Modernisierungsdienste f\u00fcr die von uns gefertigten Produkte und Maschinenteile. Zum Beispiel kann die Lebensdauer und Verl\u00e4sslichkeit von F\u00f6rderschnecken durch regelm\u00e4\u00dfige Wartung wie das Anziehen der Wellendichtungen und Reinigung jeglicher verstopfter Teile gesteigert werden. Die Schnecke selbst ist f\u00fcr eine sehr lange Lebensdauer konzipiert und gefertigt, aber die &hellip; <\/p>\n<p class=\"link-more\"><a href=\"https:\/\/www.lekogroup.fi\/www\/de\/wartung-und-modernisierung\/\" class=\"more-link\">Read More <span class=\"screen-reader-text\"> &#8221;Wartung und Modernisierung&#8221;<\/span><\/a><\/p>\n","protected":false},"author":1,"featured_media":0,"parent":0,"menu_order":0,"comment_status":"closed","ping_status":"closed","template":"","meta":{"_monsterinsights_skip_tracking":false,"_monsterinsights_sitenote_active":false,"_monsterinsights_sitenote_note":"","_monsterinsights_sitenote_category":0,"ngg_post_thumbnail":0,"footnotes":""},"class_list":["post-11752","page","type-page","status-publish","hentry"],"yoast_head":"<!-- This site is optimized with the Yoast SEO plugin v27.0 - https:\/\/yoast.com\/product\/yoast-seo-wordpress\/ -->\n<title>Wartung und Modernisierung - Raskaan teollisuuden monipuolinen kumppani - LekoGroup<\/title>\n<meta name=\"robots\" content=\"index, follow, max-snippet:-1, max-image-preview:large, max-video-preview:-1\" \/>\n<link rel=\"canonical\" href=\"https:\/\/www.lekogroup.fi\/www\/de\/wartung-und-modernisierung\/\" \/>\n<meta property=\"og:locale\" content=\"fi_FI\" \/>\n<meta property=\"og:type\" content=\"article\" \/>\n<meta property=\"og:title\" content=\"Wartung und Modernisierung - Raskaan teollisuuden monipuolinen kumppani - LekoGroup\" \/>\n<meta property=\"og:description\" content=\"Wartung und Modernisierung Wir bieten auch Wartungs- und Modernisierungsdienste f\u00fcr die von uns gefertigten Produkte und Maschinenteile. Zum Beispiel kann die Lebensdauer und Verl\u00e4sslichkeit von F\u00f6rderschnecken durch regelm\u00e4\u00dfige Wartung wie das Anziehen der Wellendichtungen und Reinigung jeglicher verstopfter Teile gesteigert werden. Die Schnecke selbst ist f\u00fcr eine sehr lange Lebensdauer konzipiert und gefertigt, aber die &hellip; Read More &quot;Wartung und Modernisierung&quot;\" \/>\n<meta property=\"og:url\" content=\"https:\/\/www.lekogroup.fi\/www\/de\/wartung-und-modernisierung\/\" \/>\n<meta property=\"og:site_name\" content=\"Raskaan teollisuuden monipuolinen kumppani - LekoGroup\" \/>\n<meta property=\"article:modified_time\" content=\"2024-03-14T11:31:51+00:00\" \/>\n<meta property=\"og:image\" content=\"https:\/\/www.lekogroup.fi\/www\/wp-content\/uploads\/2019\/04\/LEKO_GROUP_HUOLTO_MODERNISOINTI.jpg\" \/>\n<meta name=\"twitter:card\" content=\"summary_large_image\" \/>\n<meta name=\"twitter:label1\" content=\"Arvioitu lukuaika\" \/>\n\t<meta name=\"twitter:data1\" content=\"2 minuuttia\" \/>\n<script type=\"application\/ld+json\" class=\"yoast-schema-graph\">{\"@context\":\"https:\/\/schema.org\",\"@graph\":[{\"@type\":\"WebPage\",\"@id\":\"https:\/\/www.lekogroup.fi\/www\/de\/wartung-und-modernisierung\/\",\"url\":\"https:\/\/www.lekogroup.fi\/www\/de\/wartung-und-modernisierung\/\",\"name\":\"Wartung und Modernisierung - Raskaan teollisuuden monipuolinen kumppani - LekoGroup\",\"isPartOf\":{\"@id\":\"https:\/\/www.lekogroup.fi\/www\/#website\"},\"primaryImageOfPage\":{\"@id\":\"https:\/\/www.lekogroup.fi\/www\/de\/wartung-und-modernisierung\/#primaryimage\"},\"image\":{\"@id\":\"https:\/\/www.lekogroup.fi\/www\/de\/wartung-und-modernisierung\/#primaryimage\"},\"thumbnailUrl\":\"https:\/\/www.lekogroup.fi\/www\/wp-content\/uploads\/2019\/04\/LEKO_GROUP_HUOLTO_MODERNISOINTI.jpg\",\"datePublished\":\"2019-06-04T10:32:20+00:00\",\"dateModified\":\"2024-03-14T11:31:51+00:00\",\"breadcrumb\":{\"@id\":\"https:\/\/www.lekogroup.fi\/www\/de\/wartung-und-modernisierung\/#breadcrumb\"},\"inLanguage\":\"fi\",\"potentialAction\":[{\"@type\":\"ReadAction\",\"target\":[\"https:\/\/www.lekogroup.fi\/www\/de\/wartung-und-modernisierung\/\"]}]},{\"@type\":\"ImageObject\",\"inLanguage\":\"fi\",\"@id\":\"https:\/\/www.lekogroup.fi\/www\/de\/wartung-und-modernisierung\/#primaryimage\",\"url\":\"https:\/\/www.lekogroup.fi\/www\/wp-content\/uploads\/2019\/04\/LEKO_GROUP_HUOLTO_MODERNISOINTI.jpg\",\"contentUrl\":\"https:\/\/www.lekogroup.fi\/www\/wp-content\/uploads\/2019\/04\/LEKO_GROUP_HUOLTO_MODERNISOINTI.jpg\",\"width\":1000,\"height\":468},{\"@type\":\"BreadcrumbList\",\"@id\":\"https:\/\/www.lekogroup.fi\/www\/de\/wartung-und-modernisierung\/#breadcrumb\",\"itemListElement\":[{\"@type\":\"ListItem\",\"position\":1,\"name\":\"Home\",\"item\":\"https:\/\/www.lekogroup.fi\/www\/fi\/etusivu\/\"},{\"@type\":\"ListItem\",\"position\":2,\"name\":\"Wartung und Modernisierung\"}]},{\"@type\":\"WebSite\",\"@id\":\"https:\/\/www.lekogroup.fi\/www\/#website\",\"url\":\"https:\/\/www.lekogroup.fi\/www\/\",\"name\":\"Raskaan teollisuuden monipuolinen kumppani - LekoGroup\",\"description\":\"\",\"publisher\":{\"@id\":\"https:\/\/www.lekogroup.fi\/www\/#organization\"},\"potentialAction\":[{\"@type\":\"SearchAction\",\"target\":{\"@type\":\"EntryPoint\",\"urlTemplate\":\"https:\/\/www.lekogroup.fi\/www\/?s={search_term_string}\"},\"query-input\":{\"@type\":\"PropertyValueSpecification\",\"valueRequired\":true,\"valueName\":\"search_term_string\"}}],\"inLanguage\":\"fi\"},{\"@type\":\"Organization\",\"@id\":\"https:\/\/www.lekogroup.fi\/www\/#organization\",\"name\":\"Raskaan teollisuuden monipuolinen kumppani - LekoGroup\",\"url\":\"https:\/\/www.lekogroup.fi\/www\/\",\"logo\":{\"@type\":\"ImageObject\",\"inLanguage\":\"fi\",\"@id\":\"https:\/\/www.lekogroup.fi\/www\/#\/schema\/logo\/image\/\",\"url\":\"https:\/\/www.lekogroup.fi\/www\/wp-content\/uploads\/2022\/12\/cropped-leko_group_logo.png\",\"contentUrl\":\"https:\/\/www.lekogroup.fi\/www\/wp-content\/uploads\/2022\/12\/cropped-leko_group_logo.png\",\"width\":833,\"height\":250,\"caption\":\"Raskaan teollisuuden monipuolinen kumppani - LekoGroup\"},\"image\":{\"@id\":\"https:\/\/www.lekogroup.fi\/www\/#\/schema\/logo\/image\/\"}}]}<\/script>\n<!-- \/ Yoast SEO plugin. -->","yoast_head_json":{"title":"Wartung und Modernisierung - Raskaan teollisuuden monipuolinen kumppani - LekoGroup","robots":{"index":"index","follow":"follow","max-snippet":"max-snippet:-1","max-image-preview":"max-image-preview:large","max-video-preview":"max-video-preview:-1"},"canonical":"https:\/\/www.lekogroup.fi\/www\/de\/wartung-und-modernisierung\/","og_locale":"fi_FI","og_type":"article","og_title":"Wartung und Modernisierung - Raskaan teollisuuden monipuolinen kumppani - LekoGroup","og_description":"Wartung und Modernisierung Wir bieten auch Wartungs- und Modernisierungsdienste f\u00fcr die von uns gefertigten Produkte und Maschinenteile. Zum Beispiel kann die Lebensdauer und Verl\u00e4sslichkeit von F\u00f6rderschnecken durch regelm\u00e4\u00dfige Wartung wie das Anziehen der Wellendichtungen und Reinigung jeglicher verstopfter Teile gesteigert werden. Die Schnecke selbst ist f\u00fcr eine sehr lange Lebensdauer konzipiert und gefertigt, aber die &hellip; Read More \"Wartung und Modernisierung\"","og_url":"https:\/\/www.lekogroup.fi\/www\/de\/wartung-und-modernisierung\/","og_site_name":"Raskaan teollisuuden monipuolinen kumppani - LekoGroup","article_modified_time":"2024-03-14T11:31:51+00:00","og_image":[{"url":"https:\/\/www.lekogroup.fi\/www\/wp-content\/uploads\/2019\/04\/LEKO_GROUP_HUOLTO_MODERNISOINTI.jpg","type":"","width":"","height":""}],"twitter_card":"summary_large_image","twitter_misc":{"Arvioitu lukuaika":"2 minuuttia"},"schema":{"@context":"https:\/\/schema.org","@graph":[{"@type":"WebPage","@id":"https:\/\/www.lekogroup.fi\/www\/de\/wartung-und-modernisierung\/","url":"https:\/\/www.lekogroup.fi\/www\/de\/wartung-und-modernisierung\/","name":"Wartung und Modernisierung - Raskaan teollisuuden monipuolinen kumppani - LekoGroup","isPartOf":{"@id":"https:\/\/www.lekogroup.fi\/www\/#website"},"primaryImageOfPage":{"@id":"https:\/\/www.lekogroup.fi\/www\/de\/wartung-und-modernisierung\/#primaryimage"},"image":{"@id":"https:\/\/www.lekogroup.fi\/www\/de\/wartung-und-modernisierung\/#primaryimage"},"thumbnailUrl":"https:\/\/www.lekogroup.fi\/www\/wp-content\/uploads\/2019\/04\/LEKO_GROUP_HUOLTO_MODERNISOINTI.jpg","datePublished":"2019-06-04T10:32:20+00:00","dateModified":"2024-03-14T11:31:51+00:00","breadcrumb":{"@id":"https:\/\/www.lekogroup.fi\/www\/de\/wartung-und-modernisierung\/#breadcrumb"},"inLanguage":"fi","potentialAction":[{"@type":"ReadAction","target":["https:\/\/www.lekogroup.fi\/www\/de\/wartung-und-modernisierung\/"]}]},{"@type":"ImageObject","inLanguage":"fi","@id":"https:\/\/www.lekogroup.fi\/www\/de\/wartung-und-modernisierung\/#primaryimage","url":"https:\/\/www.lekogroup.fi\/www\/wp-content\/uploads\/2019\/04\/LEKO_GROUP_HUOLTO_MODERNISOINTI.jpg","contentUrl":"https:\/\/www.lekogroup.fi\/www\/wp-content\/uploads\/2019\/04\/LEKO_GROUP_HUOLTO_MODERNISOINTI.jpg","width":1000,"height":468},{"@type":"BreadcrumbList","@id":"https:\/\/www.lekogroup.fi\/www\/de\/wartung-und-modernisierung\/#breadcrumb","itemListElement":[{"@type":"ListItem","position":1,"name":"Home","item":"https:\/\/www.lekogroup.fi\/www\/fi\/etusivu\/"},{"@type":"ListItem","position":2,"name":"Wartung und Modernisierung"}]},{"@type":"WebSite","@id":"https:\/\/www.lekogroup.fi\/www\/#website","url":"https:\/\/www.lekogroup.fi\/www\/","name":"Raskaan teollisuuden monipuolinen kumppani - LekoGroup","description":"","publisher":{"@id":"https:\/\/www.lekogroup.fi\/www\/#organization"},"potentialAction":[{"@type":"SearchAction","target":{"@type":"EntryPoint","urlTemplate":"https:\/\/www.lekogroup.fi\/www\/?s={search_term_string}"},"query-input":{"@type":"PropertyValueSpecification","valueRequired":true,"valueName":"search_term_string"}}],"inLanguage":"fi"},{"@type":"Organization","@id":"https:\/\/www.lekogroup.fi\/www\/#organization","name":"Raskaan teollisuuden monipuolinen kumppani - LekoGroup","url":"https:\/\/www.lekogroup.fi\/www\/","logo":{"@type":"ImageObject","inLanguage":"fi","@id":"https:\/\/www.lekogroup.fi\/www\/#\/schema\/logo\/image\/","url":"https:\/\/www.lekogroup.fi\/www\/wp-content\/uploads\/2022\/12\/cropped-leko_group_logo.png","contentUrl":"https:\/\/www.lekogroup.fi\/www\/wp-content\/uploads\/2022\/12\/cropped-leko_group_logo.png","width":833,"height":250,"caption":"Raskaan teollisuuden monipuolinen kumppani - LekoGroup"},"image":{"@id":"https:\/\/www.lekogroup.fi\/www\/#\/schema\/logo\/image\/"}}]}},"_links":{"self":[{"href":"https:\/\/www.lekogroup.fi\/www\/wp-json\/wp\/v2\/pages\/11752","targetHints":{"allow":["GET"]}}],"collection":[{"href":"https:\/\/www.lekogroup.fi\/www\/wp-json\/wp\/v2\/pages"}],"about":[{"href":"https:\/\/www.lekogroup.fi\/www\/wp-json\/wp\/v2\/types\/page"}],"author":[{"embeddable":true,"href":"https:\/\/www.lekogroup.fi\/www\/wp-json\/wp\/v2\/users\/1"}],"replies":[{"embeddable":true,"href":"https:\/\/www.lekogroup.fi\/www\/wp-json\/wp\/v2\/comments?post=11752"}],"version-history":[{"count":2,"href":"https:\/\/www.lekogroup.fi\/www\/wp-json\/wp\/v2\/pages\/11752\/revisions"}],"predecessor-version":[{"id":16558,"href":"https:\/\/www.lekogroup.fi\/www\/wp-json\/wp\/v2\/pages\/11752\/revisions\/16558"}],"wp:attachment":[{"href":"https:\/\/www.lekogroup.fi\/www\/wp-json\/wp\/v2\/media?parent=11752"}],"curies":[{"name":"wp","href":"https:\/\/api.w.org\/{rel}","templated":true}]}}