{"id":3683,"date":"2018-12-18T09:58:38","date_gmt":"2018-12-18T07:58:38","guid":{"rendered":"https:\/\/www.lekogroup.fi\/?page_id=3683"},"modified":"2018-12-18T09:58:38","modified_gmt":"2018-12-18T07:58:38","slug":"lekogroup","status":"publish","type":"page","link":"https:\/\/www.lekogroup.fi\/www\/fi\/lekogroup\/","title":{"rendered":"LekoGroup"},"content":{"rendered":"<p>\t\t\t\t[row][span4]<\/p>\n<p><a href=\"https:\/\/www.lekogroup.fi\/lekogroup-esite\/\" target=\"_blank\" rel=\"noopener noreferrer\"><img decoding=\"async\" class=\"size-full wp-image-3688 alignleft lazyload\" data-src=\"https:\/\/www.lekogroup.fi\/wp-content\/uploads\/2018\/12\/LekoGroup-lehtosen-konepaja.jpg\" alt=\"\" width=\"100\" height=\"257\" src=\"data:image\/svg+xml;base64,PHN2ZyB3aWR0aD0iMSIgaGVpZ2h0PSIxIiB4bWxucz0iaHR0cDovL3d3dy53My5vcmcvMjAwMC9zdmciPjwvc3ZnPg==\" style=\"--smush-placeholder-width: 100px; --smush-placeholder-aspect-ratio: 100\/257;\"><\/a><\/p>\n<p><strong>LekoGroup esite<\/strong><\/p>\n<p>\u00bb&nbsp;<a href=\"https:\/\/www.lekogroup.fi\/lekogroup-esite\/\" target=\"_blank\" rel=\"noopener noreferrer\">Selaa esitett\u00e4<\/a><br \/>\n\u00bb <a href=\"http:\/\/lehtosenkonepaja.lekogroup.fi\/lekoesite\/LekoGroup-viuhkaesite-web.pdf\" target=\"_blank\" rel=\"noopener noreferrer\">Lataa&nbsp;PDF<\/a><\/p>\n<p style=\"text-align: left;\">[\/span4]<\/p>\n<p style=\"text-align: left;\">[span4]<\/p>\n<p><a href=\"http:\/\/lehtosenkonepaja.lekogroup.fi\/konekortti\/\" target=\"_blank\" rel=\"noopener noreferrer\"><img decoding=\"async\" class=\"size-full wp-image-3689 alignleft lazyload\" data-src=\"https:\/\/www.lekogroup.fi\/wp-content\/uploads\/2018\/12\/Llehtosen-konepaja-konekortti-2018.jpg\" alt=\"Lehtosen-konepaja-konekortti-2018\" width=\"100\" height=\"257\" src=\"data:image\/svg+xml;base64,PHN2ZyB3aWR0aD0iMSIgaGVpZ2h0PSIxIiB4bWxucz0iaHR0cDovL3d3dy53My5vcmcvMjAwMC9zdmciPjwvc3ZnPg==\" style=\"--smush-placeholder-width: 100px; --smush-placeholder-aspect-ratio: 100\/257;\"><\/a><\/p>\n<p><b>Lehtosen Konepaja konekortti<\/b><\/p>\n<p>\u00bb&nbsp;<a href=\"https:\/\/www.lekogroup.fi\/konekortti\" target=\"_blank\" rel=\"noopener noreferrer\">Selaa konekorttia<\/a><br \/>\n\u00bb <a href=\"http:\/\/lehtosenkonepaja.lekogroup.fi\/konekortti\/Lehtosen-Konepaja-konekortti-web.pdf\" target=\"_blank\" rel=\"noopener noreferrer\">Lataa&nbsp;PDF<\/a><\/p>\n<p style=\"text-align: left;\">[\/span4]<\/p>\n<p style=\"text-align: left;\">[\/row]<\/p>\n<p>&nbsp;<\/p>\n<hr>\n<h3>Aineistopankki<\/h3>\n<p>Painokelpoiset originaalikuvat ja muut materiaalit l\u00f6ytyv\u00e4t aineistopankista.<br \/>\nMik\u00e4li sinulla ei ole tunnuksia aineistopankkiin voit pyyt\u00e4\u00e4 niit\u00e4 t\u00e4ytt\u00e4m\u00e4ll\u00e4 lomakkeen&nbsp;<a title=\"Tilaa tunnukset Lehtosen Konepajan aineistopankkiin\" href=\"http:\/\/lehtosenkonepaja.lekogroup.fi\/aineistopankki-tunnusten-pyynto\/\">t\u00e4st\u00e4 linkist\u00e4.<\/a><\/p>\n<p>\u00bb&nbsp;<a title=\"Lehtosen Konepaja - Aineistopankki\" href=\"http:\/\/www.kuvaputki.net\/leko\/\" target=\"_blank\" rel=\"noopener noreferrer\">Kirjaudu aineistopankkiin t\u00e4st\u00e4.<\/a>\t\t<\/p>\n","protected":false},"excerpt":{"rendered":"<p>[row][span4] LekoGroup esite \u00bb&nbsp;Selaa esitett\u00e4 \u00bb Lataa&nbsp;PDF [\/span4] [span4] Lehtosen Konepaja konekortti \u00bb&nbsp;Selaa konekorttia \u00bb Lataa&nbsp;PDF [\/span4] [\/row] &nbsp; Aineistopankki Painokelpoiset originaalikuvat ja muut materiaalit l\u00f6ytyv\u00e4t aineistopankista. Mik\u00e4li sinulla ei ole tunnuksia aineistopankkiin voit pyyt\u00e4\u00e4 niit\u00e4 t\u00e4ytt\u00e4m\u00e4ll\u00e4 lomakkeen&nbsp;t\u00e4st\u00e4 linkist\u00e4. \u00bb&nbsp;Kirjaudu aineistopankkiin t\u00e4st\u00e4.<\/p>\n","protected":false},"author":1,"featured_media":0,"parent":0,"menu_order":0,"comment_status":"closed","ping_status":"closed","template":"","meta":{"_monsterinsights_skip_tracking":false,"_monsterinsights_sitenote_active":false,"_monsterinsights_sitenote_note":"","_monsterinsights_sitenote_category":0,"ngg_post_thumbnail":0,"footnotes":""},"class_list":["post-3683","page","type-page","status-publish","hentry"],"yoast_head":"<!-- This site is optimized with the Yoast SEO plugin v27.0 - https:\/\/yoast.com\/product\/yoast-seo-wordpress\/ -->\n<title>LekoGroup - Raskaan teollisuuden monipuolinen kumppani - LekoGroup<\/title>\n<meta name=\"robots\" content=\"index, follow, max-snippet:-1, max-image-preview:large, max-video-preview:-1\" \/>\n<link rel=\"canonical\" href=\"https:\/\/www.lekogroup.fi\/www\/fi\/lekogroup\/\" \/>\n<meta property=\"og:locale\" content=\"fi_FI\" \/>\n<meta property=\"og:type\" content=\"article\" \/>\n<meta property=\"og:title\" content=\"LekoGroup - Raskaan teollisuuden monipuolinen kumppani - LekoGroup\" \/>\n<meta property=\"og:description\" content=\"[row][span4] LekoGroup esite \u00bb&nbsp;Selaa esitett\u00e4 \u00bb Lataa&nbsp;PDF [\/span4] [span4] Lehtosen Konepaja konekortti \u00bb&nbsp;Selaa konekorttia \u00bb Lataa&nbsp;PDF [\/span4] [\/row] &nbsp; Aineistopankki Painokelpoiset originaalikuvat ja muut materiaalit l\u00f6ytyv\u00e4t aineistopankista. Mik\u00e4li sinulla ei ole tunnuksia aineistopankkiin voit pyyt\u00e4\u00e4 niit\u00e4 t\u00e4ytt\u00e4m\u00e4ll\u00e4 lomakkeen&nbsp;t\u00e4st\u00e4 linkist\u00e4. \u00bb&nbsp;Kirjaudu aineistopankkiin t\u00e4st\u00e4.\" \/>\n<meta property=\"og:url\" content=\"https:\/\/www.lekogroup.fi\/www\/fi\/lekogroup\/\" \/>\n<meta property=\"og:site_name\" content=\"Raskaan teollisuuden monipuolinen kumppani - LekoGroup\" \/>\n<meta property=\"og:image\" content=\"https:\/\/www.lekogroup.fi\/wp-content\/uploads\/2018\/12\/LekoGroup-lehtosen-konepaja.jpg\" \/>\n<meta name=\"twitter:card\" content=\"summary_large_image\" \/>\n<script type=\"application\/ld+json\" class=\"yoast-schema-graph\">{\"@context\":\"https:\/\/schema.org\",\"@graph\":[{\"@type\":\"WebPage\",\"@id\":\"https:\/\/www.lekogroup.fi\/www\/fi\/lekogroup\/\",\"url\":\"https:\/\/www.lekogroup.fi\/www\/fi\/lekogroup\/\",\"name\":\"LekoGroup - Raskaan teollisuuden monipuolinen kumppani - LekoGroup\",\"isPartOf\":{\"@id\":\"https:\/\/www.lekogroup.fi\/www\/#website\"},\"primaryImageOfPage\":{\"@id\":\"https:\/\/www.lekogroup.fi\/www\/fi\/lekogroup\/#primaryimage\"},\"image\":{\"@id\":\"https:\/\/www.lekogroup.fi\/www\/fi\/lekogroup\/#primaryimage\"},\"thumbnailUrl\":\"https:\/\/www.lekogroup.fi\/wp-content\/uploads\/2018\/12\/LekoGroup-lehtosen-konepaja.jpg\",\"datePublished\":\"2018-12-18T07:58:38+00:00\",\"breadcrumb\":{\"@id\":\"https:\/\/www.lekogroup.fi\/www\/fi\/lekogroup\/#breadcrumb\"},\"inLanguage\":\"fi\",\"potentialAction\":[{\"@type\":\"ReadAction\",\"target\":[\"https:\/\/www.lekogroup.fi\/www\/fi\/lekogroup\/\"]}]},{\"@type\":\"ImageObject\",\"inLanguage\":\"fi\",\"@id\":\"https:\/\/www.lekogroup.fi\/www\/fi\/lekogroup\/#primaryimage\",\"url\":\"https:\/\/www.lekogroup.fi\/wp-content\/uploads\/2018\/12\/LekoGroup-lehtosen-konepaja.jpg\",\"contentUrl\":\"https:\/\/www.lekogroup.fi\/wp-content\/uploads\/2018\/12\/LekoGroup-lehtosen-konepaja.jpg\"},{\"@type\":\"BreadcrumbList\",\"@id\":\"https:\/\/www.lekogroup.fi\/www\/fi\/lekogroup\/#breadcrumb\",\"itemListElement\":[{\"@type\":\"ListItem\",\"position\":1,\"name\":\"Home\",\"item\":\"https:\/\/www.lekogroup.fi\/www\/fi\/etusivu\/\"},{\"@type\":\"ListItem\",\"position\":2,\"name\":\"LekoGroup\"}]},{\"@type\":\"WebSite\",\"@id\":\"https:\/\/www.lekogroup.fi\/www\/#website\",\"url\":\"https:\/\/www.lekogroup.fi\/www\/\",\"name\":\"Raskaan teollisuuden monipuolinen kumppani - LekoGroup\",\"description\":\"\",\"publisher\":{\"@id\":\"https:\/\/www.lekogroup.fi\/www\/#organization\"},\"potentialAction\":[{\"@type\":\"SearchAction\",\"target\":{\"@type\":\"EntryPoint\",\"urlTemplate\":\"https:\/\/www.lekogroup.fi\/www\/?s={search_term_string}\"},\"query-input\":{\"@type\":\"PropertyValueSpecification\",\"valueRequired\":true,\"valueName\":\"search_term_string\"}}],\"inLanguage\":\"fi\"},{\"@type\":\"Organization\",\"@id\":\"https:\/\/www.lekogroup.fi\/www\/#organization\",\"name\":\"Raskaan teollisuuden monipuolinen kumppani - LekoGroup\",\"url\":\"https:\/\/www.lekogroup.fi\/www\/\",\"logo\":{\"@type\":\"ImageObject\",\"inLanguage\":\"fi\",\"@id\":\"https:\/\/www.lekogroup.fi\/www\/#\/schema\/logo\/image\/\",\"url\":\"https:\/\/www.lekogroup.fi\/www\/wp-content\/uploads\/2022\/12\/cropped-leko_group_logo.png\",\"contentUrl\":\"https:\/\/www.lekogroup.fi\/www\/wp-content\/uploads\/2022\/12\/cropped-leko_group_logo.png\",\"width\":833,\"height\":250,\"caption\":\"Raskaan teollisuuden monipuolinen kumppani - LekoGroup\"},\"image\":{\"@id\":\"https:\/\/www.lekogroup.fi\/www\/#\/schema\/logo\/image\/\"}}]}<\/script>\n<!-- \/ Yoast SEO plugin. -->","yoast_head_json":{"title":"LekoGroup - Raskaan teollisuuden monipuolinen kumppani - LekoGroup","robots":{"index":"index","follow":"follow","max-snippet":"max-snippet:-1","max-image-preview":"max-image-preview:large","max-video-preview":"max-video-preview:-1"},"canonical":"https:\/\/www.lekogroup.fi\/www\/fi\/lekogroup\/","og_locale":"fi_FI","og_type":"article","og_title":"LekoGroup - Raskaan teollisuuden monipuolinen kumppani - LekoGroup","og_description":"[row][span4] LekoGroup esite \u00bb&nbsp;Selaa esitett\u00e4 \u00bb Lataa&nbsp;PDF [\/span4] [span4] Lehtosen Konepaja konekortti \u00bb&nbsp;Selaa konekorttia \u00bb Lataa&nbsp;PDF [\/span4] [\/row] &nbsp; Aineistopankki Painokelpoiset originaalikuvat ja muut materiaalit l\u00f6ytyv\u00e4t aineistopankista. Mik\u00e4li sinulla ei ole tunnuksia aineistopankkiin voit pyyt\u00e4\u00e4 niit\u00e4 t\u00e4ytt\u00e4m\u00e4ll\u00e4 lomakkeen&nbsp;t\u00e4st\u00e4 linkist\u00e4. \u00bb&nbsp;Kirjaudu aineistopankkiin t\u00e4st\u00e4.","og_url":"https:\/\/www.lekogroup.fi\/www\/fi\/lekogroup\/","og_site_name":"Raskaan teollisuuden monipuolinen kumppani - LekoGroup","og_image":[{"url":"https:\/\/www.lekogroup.fi\/wp-content\/uploads\/2018\/12\/LekoGroup-lehtosen-konepaja.jpg","type":"","width":"","height":""}],"twitter_card":"summary_large_image","schema":{"@context":"https:\/\/schema.org","@graph":[{"@type":"WebPage","@id":"https:\/\/www.lekogroup.fi\/www\/fi\/lekogroup\/","url":"https:\/\/www.lekogroup.fi\/www\/fi\/lekogroup\/","name":"LekoGroup - Raskaan teollisuuden monipuolinen kumppani - LekoGroup","isPartOf":{"@id":"https:\/\/www.lekogroup.fi\/www\/#website"},"primaryImageOfPage":{"@id":"https:\/\/www.lekogroup.fi\/www\/fi\/lekogroup\/#primaryimage"},"image":{"@id":"https:\/\/www.lekogroup.fi\/www\/fi\/lekogroup\/#primaryimage"},"thumbnailUrl":"https:\/\/www.lekogroup.fi\/wp-content\/uploads\/2018\/12\/LekoGroup-lehtosen-konepaja.jpg","datePublished":"2018-12-18T07:58:38+00:00","breadcrumb":{"@id":"https:\/\/www.lekogroup.fi\/www\/fi\/lekogroup\/#breadcrumb"},"inLanguage":"fi","potentialAction":[{"@type":"ReadAction","target":["https:\/\/www.lekogroup.fi\/www\/fi\/lekogroup\/"]}]},{"@type":"ImageObject","inLanguage":"fi","@id":"https:\/\/www.lekogroup.fi\/www\/fi\/lekogroup\/#primaryimage","url":"https:\/\/www.lekogroup.fi\/wp-content\/uploads\/2018\/12\/LekoGroup-lehtosen-konepaja.jpg","contentUrl":"https:\/\/www.lekogroup.fi\/wp-content\/uploads\/2018\/12\/LekoGroup-lehtosen-konepaja.jpg"},{"@type":"BreadcrumbList","@id":"https:\/\/www.lekogroup.fi\/www\/fi\/lekogroup\/#breadcrumb","itemListElement":[{"@type":"ListItem","position":1,"name":"Home","item":"https:\/\/www.lekogroup.fi\/www\/fi\/etusivu\/"},{"@type":"ListItem","position":2,"name":"LekoGroup"}]},{"@type":"WebSite","@id":"https:\/\/www.lekogroup.fi\/www\/#website","url":"https:\/\/www.lekogroup.fi\/www\/","name":"Raskaan teollisuuden monipuolinen kumppani - LekoGroup","description":"","publisher":{"@id":"https:\/\/www.lekogroup.fi\/www\/#organization"},"potentialAction":[{"@type":"SearchAction","target":{"@type":"EntryPoint","urlTemplate":"https:\/\/www.lekogroup.fi\/www\/?s={search_term_string}"},"query-input":{"@type":"PropertyValueSpecification","valueRequired":true,"valueName":"search_term_string"}}],"inLanguage":"fi"},{"@type":"Organization","@id":"https:\/\/www.lekogroup.fi\/www\/#organization","name":"Raskaan teollisuuden monipuolinen kumppani - LekoGroup","url":"https:\/\/www.lekogroup.fi\/www\/","logo":{"@type":"ImageObject","inLanguage":"fi","@id":"https:\/\/www.lekogroup.fi\/www\/#\/schema\/logo\/image\/","url":"https:\/\/www.lekogroup.fi\/www\/wp-content\/uploads\/2022\/12\/cropped-leko_group_logo.png","contentUrl":"https:\/\/www.lekogroup.fi\/www\/wp-content\/uploads\/2022\/12\/cropped-leko_group_logo.png","width":833,"height":250,"caption":"Raskaan teollisuuden monipuolinen kumppani - LekoGroup"},"image":{"@id":"https:\/\/www.lekogroup.fi\/www\/#\/schema\/logo\/image\/"}}]}},"_links":{"self":[{"href":"https:\/\/www.lekogroup.fi\/www\/wp-json\/wp\/v2\/pages\/3683","targetHints":{"allow":["GET"]}}],"collection":[{"href":"https:\/\/www.lekogroup.fi\/www\/wp-json\/wp\/v2\/pages"}],"about":[{"href":"https:\/\/www.lekogroup.fi\/www\/wp-json\/wp\/v2\/types\/page"}],"author":[{"embeddable":true,"href":"https:\/\/www.lekogroup.fi\/www\/wp-json\/wp\/v2\/users\/1"}],"replies":[{"embeddable":true,"href":"https:\/\/www.lekogroup.fi\/www\/wp-json\/wp\/v2\/comments?post=3683"}],"version-history":[{"count":0,"href":"https:\/\/www.lekogroup.fi\/www\/wp-json\/wp\/v2\/pages\/3683\/revisions"}],"wp:attachment":[{"href":"https:\/\/www.lekogroup.fi\/www\/wp-json\/wp\/v2\/media?parent=3683"}],"curies":[{"name":"wp","href":"https:\/\/api.w.org\/{rel}","templated":true}]}}