{"id":3886,"date":"2019-03-27T10:20:20","date_gmt":"2019-03-27T08:20:20","guid":{"rendered":"https:\/\/www.lekogroup.fi\/?page_id=3886"},"modified":"2025-06-02T11:34:10","modified_gmt":"2025-06-02T08:34:10","slug":"kestava-kehitys","status":"publish","type":"page","link":"https:\/\/www.lekogroup.fi\/www\/fi\/kestava-kehitys\/","title":{"rendered":"Kest\u00e4v\u00e4 kehitys"},"content":{"rendered":"<p><img decoding=\"async\" class=\"alignnone size-full wp-image-10852 lazyload\" data-src=\"https:\/\/www.lekogroup.fi\/www\/wp-content\/uploads\/2019\/04\/LEKO_GROUP_KESTAVAKEHITYS.jpg\" alt=\"\" width=\"1000\" height=\"468\" data-srcset=\"https:\/\/www.lekogroup.fi\/www\/wp-content\/uploads\/2019\/04\/LEKO_GROUP_KESTAVAKEHITYS.jpg 1000w, https:\/\/www.lekogroup.fi\/www\/wp-content\/uploads\/2019\/04\/LEKO_GROUP_KESTAVAKEHITYS-300x140.jpg 300w, https:\/\/www.lekogroup.fi\/www\/wp-content\/uploads\/2019\/04\/LEKO_GROUP_KESTAVAKEHITYS-768x359.jpg 768w\" data-sizes=\"(max-width: 1000px) 100vw, 1000px\" src=\"data:image\/svg+xml;base64,PHN2ZyB3aWR0aD0iMSIgaGVpZ2h0PSIxIiB4bWxucz0iaHR0cDovL3d3dy53My5vcmcvMjAwMC9zdmciPjwvc3ZnPg==\" style=\"--smush-placeholder-width: 1000px; --smush-placeholder-aspect-ratio: 1000\/468;\" \/><\/p>\n<h1>Laatu, arvot ja sertifioitu toiminta<\/h1>\n<p>Kest\u00e4v\u00e4 yhteisty\u00f6 syntyy lupausten pit\u00e4misest\u00e4 ja tuotteiden tinkim\u00e4tt\u00f6m\u00e4st\u00e4 laatuvaatimuksesta. M\u00e4\u00e4r\u00e4tietoinen ja pitk\u00e4j\u00e4nteinen kehitysty\u00f6, vakaus ja luottamus henkil\u00f6st\u00f6n sek\u00e4 muiden sidosryhmien kesken ovat yrityksen kulmakivi\u00e4.<\/p>\n<p>Sertifiointi kertoo yrityksen onnistuneesta tavoitteesta tulla laadun, turvallisuuden, kest\u00e4v\u00e4n kehityksen sek\u00e4 toiminta- ja toimitusvarmuuden asiantuntijaksi. Kolmannen osapuolen sertifoima toiminta kertoo luotettavasti yrityksen nykyisest\u00e4 tilanteesta ja arvomaailmasta.<\/p>\n<p><img decoding=\"async\" class=\"alignright size-full wp-image-16563 lazyload\" data-src=\"https:\/\/www.lekogroup.fi\/www\/wp-content\/uploads\/2024\/03\/leko-group-lehtosen-konepaja-ISO-9001-2015_ISO-3824-2.png\" alt=\"leko-group-lehtosen-konepaja-ISO-9001-2015_ISO-3824-2\" width=\"180\" height=\"230\" src=\"data:image\/svg+xml;base64,PHN2ZyB3aWR0aD0iMSIgaGVpZ2h0PSIxIiB4bWxucz0iaHR0cDovL3d3dy53My5vcmcvMjAwMC9zdmciPjwvc3ZnPg==\" style=\"--smush-placeholder-width: 180px; --smush-placeholder-aspect-ratio: 180\/230;\">\u2022 <span style=\"color: #005dab;\"><a style=\"color: #005dab;\" href=\"https:\/\/www.lekogroup.fi\/www\/wp-content\/uploads\/2025\/06\/ISO_9001-ENG-82878-2010-AQ-FIN-FINAS-6-20250526.pdf\" target=\"_blank\" rel=\"noopener\">Lehtosen Konepajalla on sertifioitu johtamisj\u00e4rjestelm\u00e4 iso 9001:2015.<\/a><\/span><br \/>\n\u2022 <span style=\"color: #005dab;\"><a style=\"color: #005dab;\" href=\"https:\/\/www.lekogroup.fi\/www\/wp-content\/uploads\/2024\/08\/ISO-3834_2_2021_LehtosenKonepajaOy_ENG_Final-20240701-ID-169182.pdf\" target=\"_blank\" rel=\"noopener\">Hitsauksen osalta meill\u00e4 on sertifioitu laatuj\u00e4rjestelm\u00e4&nbsp;SFS-EN ISO 3834-2.<\/a><\/span><br \/>\n\u2022 Ymp\u00e4rist\u00f6asioissa toimintamme pohjautuu SFS-EN ISO 14001 standardiin.<br \/>\n\u2022 <a style=\"color: #005dab;\" href=\"https:\/\/www.lekogroup.fi\/www\/wp-content\/uploads\/2024\/07\/Sertifikaatti-SFS-EN-1090-2.pdf\" target=\"_blank\" rel=\"noopener\">Sertifioitu CE merkittyjen ter\u00e4srakenteiden&nbsp;EN 1090 toteutusluokat EXC1 &amp; EXC2.<\/a><\/p>\n<p>Toimimme lis\u00e4ksi globaalisti sertifoituna alihankkijana asiakkaillemme Kongsberg Maritime Finland Oy ja Siemensille.<\/p>\n<h3>Ymp\u00e4rist\u00f6\u00e4 ajatellen<\/h3>\n<p>Ymp\u00e4rist\u00f6politiikkamme toimii perustana p\u00e4\u00e4m\u00e4\u00e4rillemme ja tavoitteillemme sek\u00e4 m\u00e4\u00e4ritt\u00e4\u00e4 organisaatiomme toiminnan periaatteet. Pyrimme kaikessa toiminnassamme ottamaan huomioon ymp\u00e4rist\u00f6n ja sen hyvinvoinnin sek\u00e4 kest\u00e4v\u00e4n kehityksen kehitt\u00e4m\u00e4ll\u00e4 tuotantoamme ja oheistoimintojamme ymp\u00e4rist\u00f6yst\u00e4v\u00e4llisemmiksi. Alihankkijoita valitessamme arvostamme my\u00f6s heid\u00e4n toimintaansa ymp\u00e4rist\u00f6n hyv\u00e4ksi.<\/p>\n<h3>Asiakasl\u00e4ht\u00f6isyys<\/h3>\n<p>Liiketoimintamme perustuu asiakkaidemme menestyksen parantamiseen. Ammattitaitoisella henkil\u00f6st\u00f6ll\u00e4, oikeudenmukaisella johtamisella ja nykyaikaisella kalustolla pystymme toimimaan tehokkaasti ja joustavasti asiakkaidemme eduksi. Toimitamme asiakkaillemme heid\u00e4n tarpeisiinsa r\u00e4\u00e4t\u00e4l\u00f6ityj\u00e4, kilpailukykyisi\u00e4 ja laadukkaita tuotteita.<\/p>\n<h3><img decoding=\"async\" class=\"alignright size-full wp-image-14439 lazyload\" data-src=\"https:\/\/www.lekogroup.fi\/www\/wp-content\/uploads\/2022\/04\/Suomen-Vahvimmat-Lehtosen-Konepaja-Oy-2022.jpg\" alt=\"Suomen Vahvimmat - Lehtosen Konepaja 2022\" width=\"209\" height=\"300\" src=\"data:image\/svg+xml;base64,PHN2ZyB3aWR0aD0iMSIgaGVpZ2h0PSIxIiB4bWxucz0iaHR0cDovL3d3dy53My5vcmcvMjAwMC9zdmciPjwvc3ZnPg==\" style=\"--smush-placeholder-width: 209px; --smush-placeholder-aspect-ratio: 209\/300;\">Vastuullisuus<\/h3>\n<p>Olemme luotettava ty\u00f6nantaja ja yhteisty\u00f6kumppani, jonka kunnia-asiana on tehd\u00e4 se, mink\u00e4 olemme luvanneet. Huolehdimme my\u00f6s toistemme hyvinvoinnista ja turvallisuudesta. Aiheutamme mahdollisimman v\u00e4h\u00e4n haittaa luonnolle ja ymp\u00e4r\u00f6iv\u00e4lle yhteis\u00f6lle.<\/p>\n<p>&nbsp;<\/p>\n","protected":false},"excerpt":{"rendered":"<p>Laatu, arvot ja sertifioitu toiminta Kest\u00e4v\u00e4 yhteisty\u00f6 syntyy lupausten pit\u00e4misest\u00e4 ja tuotteiden tinkim\u00e4tt\u00f6m\u00e4st\u00e4 laatuvaatimuksesta. M\u00e4\u00e4r\u00e4tietoinen ja pitk\u00e4j\u00e4nteinen kehitysty\u00f6, vakaus ja luottamus henkil\u00f6st\u00f6n sek\u00e4 muiden sidosryhmien kesken ovat yrityksen kulmakivi\u00e4. Sertifiointi kertoo yrityksen onnistuneesta tavoitteesta tulla laadun, turvallisuuden, kest\u00e4v\u00e4n kehityksen sek\u00e4 toiminta- ja toimitusvarmuuden asiantuntijaksi. Kolmannen osapuolen sertifoima toiminta kertoo luotettavasti yrityksen nykyisest\u00e4 tilanteesta ja arvomaailmasta. &hellip; <\/p>\n<p class=\"link-more\"><a href=\"https:\/\/www.lekogroup.fi\/www\/fi\/kestava-kehitys\/\" class=\"more-link\">Read More <span class=\"screen-reader-text\"> &#8221;Kest\u00e4v\u00e4 kehitys&#8221;<\/span><\/a><\/p>\n","protected":false},"author":1,"featured_media":0,"parent":0,"menu_order":0,"comment_status":"closed","ping_status":"closed","template":"","meta":{"_monsterinsights_skip_tracking":false,"_monsterinsights_sitenote_active":false,"_monsterinsights_sitenote_note":"","_monsterinsights_sitenote_category":0,"ngg_post_thumbnail":0,"footnotes":""},"class_list":["post-3886","page","type-page","status-publish","hentry"],"yoast_head":"<!-- This site is optimized with the Yoast SEO plugin v27.0 - https:\/\/yoast.com\/product\/yoast-seo-wordpress\/ -->\n<title>Kest\u00e4v\u00e4 kehitys - Raskaan teollisuuden monipuolinen kumppani - LekoGroup<\/title>\n<meta name=\"robots\" content=\"index, follow, max-snippet:-1, max-image-preview:large, max-video-preview:-1\" \/>\n<link rel=\"canonical\" href=\"https:\/\/www.lekogroup.fi\/www\/fi\/kestava-kehitys\/\" \/>\n<meta property=\"og:locale\" content=\"fi_FI\" \/>\n<meta property=\"og:type\" content=\"article\" \/>\n<meta property=\"og:title\" content=\"Kest\u00e4v\u00e4 kehitys - Raskaan teollisuuden monipuolinen kumppani - LekoGroup\" \/>\n<meta property=\"og:description\" content=\"Laatu, arvot ja sertifioitu toiminta Kest\u00e4v\u00e4 yhteisty\u00f6 syntyy lupausten pit\u00e4misest\u00e4 ja tuotteiden tinkim\u00e4tt\u00f6m\u00e4st\u00e4 laatuvaatimuksesta. M\u00e4\u00e4r\u00e4tietoinen ja pitk\u00e4j\u00e4nteinen kehitysty\u00f6, vakaus ja luottamus henkil\u00f6st\u00f6n sek\u00e4 muiden sidosryhmien kesken ovat yrityksen kulmakivi\u00e4. Sertifiointi kertoo yrityksen onnistuneesta tavoitteesta tulla laadun, turvallisuuden, kest\u00e4v\u00e4n kehityksen sek\u00e4 toiminta- ja toimitusvarmuuden asiantuntijaksi. Kolmannen osapuolen sertifoima toiminta kertoo luotettavasti yrityksen nykyisest\u00e4 tilanteesta ja arvomaailmasta. &hellip; Read More &quot;Kest\u00e4v\u00e4 kehitys&quot;\" \/>\n<meta property=\"og:url\" content=\"https:\/\/www.lekogroup.fi\/www\/fi\/kestava-kehitys\/\" \/>\n<meta property=\"og:site_name\" content=\"Raskaan teollisuuden monipuolinen kumppani - LekoGroup\" \/>\n<meta property=\"article:modified_time\" content=\"2025-06-02T08:34:10+00:00\" \/>\n<meta property=\"og:image\" content=\"https:\/\/www.lekogroup.fi\/www\/wp-content\/uploads\/2019\/04\/LEKO_GROUP_KESTAVAKEHITYS.jpg\" \/>\n\t<meta property=\"og:image:width\" content=\"1000\" \/>\n\t<meta property=\"og:image:height\" content=\"468\" \/>\n\t<meta property=\"og:image:type\" content=\"image\/jpeg\" \/>\n<meta name=\"twitter:card\" content=\"summary_large_image\" \/>\n<meta name=\"twitter:label1\" content=\"Arvioitu lukuaika\" \/>\n\t<meta name=\"twitter:data1\" content=\"2 minuuttia\" \/>\n<script type=\"application\/ld+json\" class=\"yoast-schema-graph\">{\"@context\":\"https:\/\/schema.org\",\"@graph\":[{\"@type\":\"WebPage\",\"@id\":\"https:\/\/www.lekogroup.fi\/www\/fi\/kestava-kehitys\/\",\"url\":\"https:\/\/www.lekogroup.fi\/www\/fi\/kestava-kehitys\/\",\"name\":\"Kest\u00e4v\u00e4 kehitys - Raskaan teollisuuden monipuolinen kumppani - LekoGroup\",\"isPartOf\":{\"@id\":\"https:\/\/www.lekogroup.fi\/www\/#website\"},\"primaryImageOfPage\":{\"@id\":\"https:\/\/www.lekogroup.fi\/www\/fi\/kestava-kehitys\/#primaryimage\"},\"image\":{\"@id\":\"https:\/\/www.lekogroup.fi\/www\/fi\/kestava-kehitys\/#primaryimage\"},\"thumbnailUrl\":\"https:\/\/www.lekogroup.fi\/www\/wp-content\/uploads\/2019\/04\/LEKO_GROUP_KESTAVAKEHITYS.jpg\",\"datePublished\":\"2019-03-27T08:20:20+00:00\",\"dateModified\":\"2025-06-02T08:34:10+00:00\",\"breadcrumb\":{\"@id\":\"https:\/\/www.lekogroup.fi\/www\/fi\/kestava-kehitys\/#breadcrumb\"},\"inLanguage\":\"fi\",\"potentialAction\":[{\"@type\":\"ReadAction\",\"target\":[\"https:\/\/www.lekogroup.fi\/www\/fi\/kestava-kehitys\/\"]}]},{\"@type\":\"ImageObject\",\"inLanguage\":\"fi\",\"@id\":\"https:\/\/www.lekogroup.fi\/www\/fi\/kestava-kehitys\/#primaryimage\",\"url\":\"https:\/\/www.lekogroup.fi\/www\/wp-content\/uploads\/2019\/04\/LEKO_GROUP_KESTAVAKEHITYS.jpg\",\"contentUrl\":\"https:\/\/www.lekogroup.fi\/www\/wp-content\/uploads\/2019\/04\/LEKO_GROUP_KESTAVAKEHITYS.jpg\",\"width\":1000,\"height\":468},{\"@type\":\"BreadcrumbList\",\"@id\":\"https:\/\/www.lekogroup.fi\/www\/fi\/kestava-kehitys\/#breadcrumb\",\"itemListElement\":[{\"@type\":\"ListItem\",\"position\":1,\"name\":\"Home\",\"item\":\"https:\/\/www.lekogroup.fi\/www\/fi\/etusivu\/\"},{\"@type\":\"ListItem\",\"position\":2,\"name\":\"Kest\u00e4v\u00e4 kehitys\"}]},{\"@type\":\"WebSite\",\"@id\":\"https:\/\/www.lekogroup.fi\/www\/#website\",\"url\":\"https:\/\/www.lekogroup.fi\/www\/\",\"name\":\"Raskaan teollisuuden monipuolinen kumppani - LekoGroup\",\"description\":\"\",\"publisher\":{\"@id\":\"https:\/\/www.lekogroup.fi\/www\/#organization\"},\"potentialAction\":[{\"@type\":\"SearchAction\",\"target\":{\"@type\":\"EntryPoint\",\"urlTemplate\":\"https:\/\/www.lekogroup.fi\/www\/?s={search_term_string}\"},\"query-input\":{\"@type\":\"PropertyValueSpecification\",\"valueRequired\":true,\"valueName\":\"search_term_string\"}}],\"inLanguage\":\"fi\"},{\"@type\":\"Organization\",\"@id\":\"https:\/\/www.lekogroup.fi\/www\/#organization\",\"name\":\"Raskaan teollisuuden monipuolinen kumppani - LekoGroup\",\"url\":\"https:\/\/www.lekogroup.fi\/www\/\",\"logo\":{\"@type\":\"ImageObject\",\"inLanguage\":\"fi\",\"@id\":\"https:\/\/www.lekogroup.fi\/www\/#\/schema\/logo\/image\/\",\"url\":\"https:\/\/www.lekogroup.fi\/www\/wp-content\/uploads\/2022\/12\/cropped-leko_group_logo.png\",\"contentUrl\":\"https:\/\/www.lekogroup.fi\/www\/wp-content\/uploads\/2022\/12\/cropped-leko_group_logo.png\",\"width\":833,\"height\":250,\"caption\":\"Raskaan teollisuuden monipuolinen kumppani - LekoGroup\"},\"image\":{\"@id\":\"https:\/\/www.lekogroup.fi\/www\/#\/schema\/logo\/image\/\"}}]}<\/script>\n<!-- \/ Yoast SEO plugin. -->","yoast_head_json":{"title":"Kest\u00e4v\u00e4 kehitys - Raskaan teollisuuden monipuolinen kumppani - LekoGroup","robots":{"index":"index","follow":"follow","max-snippet":"max-snippet:-1","max-image-preview":"max-image-preview:large","max-video-preview":"max-video-preview:-1"},"canonical":"https:\/\/www.lekogroup.fi\/www\/fi\/kestava-kehitys\/","og_locale":"fi_FI","og_type":"article","og_title":"Kest\u00e4v\u00e4 kehitys - Raskaan teollisuuden monipuolinen kumppani - LekoGroup","og_description":"Laatu, arvot ja sertifioitu toiminta Kest\u00e4v\u00e4 yhteisty\u00f6 syntyy lupausten pit\u00e4misest\u00e4 ja tuotteiden tinkim\u00e4tt\u00f6m\u00e4st\u00e4 laatuvaatimuksesta. M\u00e4\u00e4r\u00e4tietoinen ja pitk\u00e4j\u00e4nteinen kehitysty\u00f6, vakaus ja luottamus henkil\u00f6st\u00f6n sek\u00e4 muiden sidosryhmien kesken ovat yrityksen kulmakivi\u00e4. Sertifiointi kertoo yrityksen onnistuneesta tavoitteesta tulla laadun, turvallisuuden, kest\u00e4v\u00e4n kehityksen sek\u00e4 toiminta- ja toimitusvarmuuden asiantuntijaksi. Kolmannen osapuolen sertifoima toiminta kertoo luotettavasti yrityksen nykyisest\u00e4 tilanteesta ja arvomaailmasta. &hellip; Read More \"Kest\u00e4v\u00e4 kehitys\"","og_url":"https:\/\/www.lekogroup.fi\/www\/fi\/kestava-kehitys\/","og_site_name":"Raskaan teollisuuden monipuolinen kumppani - LekoGroup","article_modified_time":"2025-06-02T08:34:10+00:00","og_image":[{"width":1000,"height":468,"url":"https:\/\/www.lekogroup.fi\/www\/wp-content\/uploads\/2019\/04\/LEKO_GROUP_KESTAVAKEHITYS.jpg","type":"image\/jpeg"}],"twitter_card":"summary_large_image","twitter_misc":{"Arvioitu lukuaika":"2 minuuttia"},"schema":{"@context":"https:\/\/schema.org","@graph":[{"@type":"WebPage","@id":"https:\/\/www.lekogroup.fi\/www\/fi\/kestava-kehitys\/","url":"https:\/\/www.lekogroup.fi\/www\/fi\/kestava-kehitys\/","name":"Kest\u00e4v\u00e4 kehitys - Raskaan teollisuuden monipuolinen kumppani - LekoGroup","isPartOf":{"@id":"https:\/\/www.lekogroup.fi\/www\/#website"},"primaryImageOfPage":{"@id":"https:\/\/www.lekogroup.fi\/www\/fi\/kestava-kehitys\/#primaryimage"},"image":{"@id":"https:\/\/www.lekogroup.fi\/www\/fi\/kestava-kehitys\/#primaryimage"},"thumbnailUrl":"https:\/\/www.lekogroup.fi\/www\/wp-content\/uploads\/2019\/04\/LEKO_GROUP_KESTAVAKEHITYS.jpg","datePublished":"2019-03-27T08:20:20+00:00","dateModified":"2025-06-02T08:34:10+00:00","breadcrumb":{"@id":"https:\/\/www.lekogroup.fi\/www\/fi\/kestava-kehitys\/#breadcrumb"},"inLanguage":"fi","potentialAction":[{"@type":"ReadAction","target":["https:\/\/www.lekogroup.fi\/www\/fi\/kestava-kehitys\/"]}]},{"@type":"ImageObject","inLanguage":"fi","@id":"https:\/\/www.lekogroup.fi\/www\/fi\/kestava-kehitys\/#primaryimage","url":"https:\/\/www.lekogroup.fi\/www\/wp-content\/uploads\/2019\/04\/LEKO_GROUP_KESTAVAKEHITYS.jpg","contentUrl":"https:\/\/www.lekogroup.fi\/www\/wp-content\/uploads\/2019\/04\/LEKO_GROUP_KESTAVAKEHITYS.jpg","width":1000,"height":468},{"@type":"BreadcrumbList","@id":"https:\/\/www.lekogroup.fi\/www\/fi\/kestava-kehitys\/#breadcrumb","itemListElement":[{"@type":"ListItem","position":1,"name":"Home","item":"https:\/\/www.lekogroup.fi\/www\/fi\/etusivu\/"},{"@type":"ListItem","position":2,"name":"Kest\u00e4v\u00e4 kehitys"}]},{"@type":"WebSite","@id":"https:\/\/www.lekogroup.fi\/www\/#website","url":"https:\/\/www.lekogroup.fi\/www\/","name":"Raskaan teollisuuden monipuolinen kumppani - LekoGroup","description":"","publisher":{"@id":"https:\/\/www.lekogroup.fi\/www\/#organization"},"potentialAction":[{"@type":"SearchAction","target":{"@type":"EntryPoint","urlTemplate":"https:\/\/www.lekogroup.fi\/www\/?s={search_term_string}"},"query-input":{"@type":"PropertyValueSpecification","valueRequired":true,"valueName":"search_term_string"}}],"inLanguage":"fi"},{"@type":"Organization","@id":"https:\/\/www.lekogroup.fi\/www\/#organization","name":"Raskaan teollisuuden monipuolinen kumppani - LekoGroup","url":"https:\/\/www.lekogroup.fi\/www\/","logo":{"@type":"ImageObject","inLanguage":"fi","@id":"https:\/\/www.lekogroup.fi\/www\/#\/schema\/logo\/image\/","url":"https:\/\/www.lekogroup.fi\/www\/wp-content\/uploads\/2022\/12\/cropped-leko_group_logo.png","contentUrl":"https:\/\/www.lekogroup.fi\/www\/wp-content\/uploads\/2022\/12\/cropped-leko_group_logo.png","width":833,"height":250,"caption":"Raskaan teollisuuden monipuolinen kumppani - LekoGroup"},"image":{"@id":"https:\/\/www.lekogroup.fi\/www\/#\/schema\/logo\/image\/"}}]}},"_links":{"self":[{"href":"https:\/\/www.lekogroup.fi\/www\/wp-json\/wp\/v2\/pages\/3886","targetHints":{"allow":["GET"]}}],"collection":[{"href":"https:\/\/www.lekogroup.fi\/www\/wp-json\/wp\/v2\/pages"}],"about":[{"href":"https:\/\/www.lekogroup.fi\/www\/wp-json\/wp\/v2\/types\/page"}],"author":[{"embeddable":true,"href":"https:\/\/www.lekogroup.fi\/www\/wp-json\/wp\/v2\/users\/1"}],"replies":[{"embeddable":true,"href":"https:\/\/www.lekogroup.fi\/www\/wp-json\/wp\/v2\/comments?post=3886"}],"version-history":[{"count":8,"href":"https:\/\/www.lekogroup.fi\/www\/wp-json\/wp\/v2\/pages\/3886\/revisions"}],"predecessor-version":[{"id":17722,"href":"https:\/\/www.lekogroup.fi\/www\/wp-json\/wp\/v2\/pages\/3886\/revisions\/17722"}],"wp:attachment":[{"href":"https:\/\/www.lekogroup.fi\/www\/wp-json\/wp\/v2\/media?parent=3886"}],"curies":[{"name":"wp","href":"https:\/\/api.w.org\/{rel}","templated":true}]}}